{"id":359,"date":"2026-03-21T08:44:01","date_gmt":"2026-03-21T08:44:01","guid":{"rendered":"https:\/\/balinesehome.pl\/?post_type=product&#038;p=359"},"modified":"2026-03-22T08:39:52","modified_gmt":"2026-03-22T08:39:52","slug":"mirror-leaf","status":"publish","type":"product","link":"https:\/\/balinesehome.pl\/?product=mirror-leaf","title":{"rendered":"Mirror Leaf"},"content":{"rendered":"","protected":false},"excerpt":{"rendered":"<p>Zjawiskowe lustro inspirowane \u015bwiatem przyrody przybieraj\u0105ce form\u0119 ogromnego li\u015bcia. Jego organiczny kszta\u0142t wprowadza do pomieszczenia niesamowit\u0105 harmoni\u0119 spok\u00f3j oraz powiew \u015bwie\u017co\u015bci. Doskonale wpisuje si\u0119 w trendy urban jungle oraz boho stanowi\u0105c pi\u0119kne uzupe\u0142nienie domowej d\u017cungli pe\u0142nej ro\u015blin doniczkowych. R\u0119czne wykonanie ramy podkre\u015bla dba\u0142o\u015b\u0107 o ka\u017cdy najmniejszy detal tego projektu.<\/p>\n","protected":false},"featured_media":455,"template":"","meta":{"_exactmetrics_skip_tracking":false,"_exactmetrics_sitenote_active":false,"_exactmetrics_sitenote_note":"","_exactmetrics_sitenote_category":0},"product_brand":[],"product_cat":[41],"product_tag":[],"class_list":{"0":"post-359","1":"product","2":"type-product","3":"status-publish","4":"has-post-thumbnail","6":"product_cat-lustra","8":"first","9":"instock","10":"shipping-taxable","11":"product-type-simple"},"_links":{"self":[{"href":"https:\/\/balinesehome.pl\/index.php?rest_route=\/wp\/v2\/product\/359","targetHints":{"allow":["GET"]}}],"collection":[{"href":"https:\/\/balinesehome.pl\/index.php?rest_route=\/wp\/v2\/product"}],"about":[{"href":"https:\/\/balinesehome.pl\/index.php?rest_route=\/wp\/v2\/types\/product"}],"wp:featuredmedia":[{"embeddable":true,"href":"https:\/\/balinesehome.pl\/index.php?rest_route=\/wp\/v2\/media\/455"}],"wp:attachment":[{"href":"https:\/\/balinesehome.pl\/index.php?rest_route=%2Fwp%2Fv2%2Fmedia&parent=359"}],"wp:term":[{"taxonomy":"product_brand","embeddable":true,"href":"https:\/\/balinesehome.pl\/index.php?rest_route=%2Fwp%2Fv2%2Fproduct_brand&post=359"},{"taxonomy":"product_cat","embeddable":true,"href":"https:\/\/balinesehome.pl\/index.php?rest_route=%2Fwp%2Fv2%2Fproduct_cat&post=359"},{"taxonomy":"product_tag","embeddable":true,"href":"https:\/\/balinesehome.pl\/index.php?rest_route=%2Fwp%2Fv2%2Fproduct_tag&post=359"}],"curies":[{"name":"wp","href":"https:\/\/api.w.org\/{rel}","templated":true}]}}