{"id":362,"date":"2026-03-21T08:48:19","date_gmt":"2026-03-21T08:48:19","guid":{"rendered":"https:\/\/balinesehome.pl\/?post_type=product&#038;p=362"},"modified":"2026-03-23T06:42:59","modified_gmt":"2026-03-23T06:42:59","slug":"umywalka-stone","status":"publish","type":"product","link":"https:\/\/balinesehome.pl\/?product=umywalka-stone","title":{"rendered":"Umywalka Stone"},"content":{"rendered":"","protected":false},"excerpt":{"rendered":"<p>Wyj\u0105tkowa i w pe\u0142ni naturalna umywalka wykonana w i\u015bcie balijskim stylu. Jej surowy i organiczny wygl\u0105d sprawi \u017ce w mgnieniu oka przemienisz swoj\u0105 zwyk\u0142\u0105 \u0142azienk\u0119 w prawdziwe tropikalne spa rodem z luksusowego kurortu. Ka\u017cdy egzemplarz jest absolutnie unikalny i posiada swoj\u0105 w\u0142asn\u0105 niepowtarzaln\u0105 struktur\u0119 oraz odcie\u0144. To propozycja dla os\u00f3b pragn\u0105cych obcowa\u0107 z natur\u0105 nawet podczas codziennych rytua\u0142\u00f3w.<\/p>\n","protected":false},"featured_media":458,"template":"","meta":{"_exactmetrics_skip_tracking":false,"_exactmetrics_sitenote_active":false,"_exactmetrics_sitenote_note":"","_exactmetrics_sitenote_category":0},"product_brand":[],"product_cat":[40,38],"product_tag":[],"class_list":{"0":"post-362","1":"product","2":"type-product","3":"status-publish","4":"has-post-thumbnail","6":"product_cat-stone","7":"product_cat-umywalki","9":"first","10":"instock","11":"shipping-taxable","12":"purchasable","13":"product-type-simple"},"_links":{"self":[{"href":"https:\/\/balinesehome.pl\/index.php?rest_route=\/wp\/v2\/product\/362","targetHints":{"allow":["GET"]}}],"collection":[{"href":"https:\/\/balinesehome.pl\/index.php?rest_route=\/wp\/v2\/product"}],"about":[{"href":"https:\/\/balinesehome.pl\/index.php?rest_route=\/wp\/v2\/types\/product"}],"wp:featuredmedia":[{"embeddable":true,"href":"https:\/\/balinesehome.pl\/index.php?rest_route=\/wp\/v2\/media\/458"}],"wp:attachment":[{"href":"https:\/\/balinesehome.pl\/index.php?rest_route=%2Fwp%2Fv2%2Fmedia&parent=362"}],"wp:term":[{"taxonomy":"product_brand","embeddable":true,"href":"https:\/\/balinesehome.pl\/index.php?rest_route=%2Fwp%2Fv2%2Fproduct_brand&post=362"},{"taxonomy":"product_cat","embeddable":true,"href":"https:\/\/balinesehome.pl\/index.php?rest_route=%2Fwp%2Fv2%2Fproduct_cat&post=362"},{"taxonomy":"product_tag","embeddable":true,"href":"https:\/\/balinesehome.pl\/index.php?rest_route=%2Fwp%2Fv2%2Fproduct_tag&post=362"}],"curies":[{"name":"wp","href":"https:\/\/api.w.org\/{rel}","templated":true}]}}