{"id":472,"date":"2026-03-26T07:57:49","date_gmt":"2026-03-26T07:57:49","guid":{"rendered":"https:\/\/balinesehome.pl\/?post_type=product&#038;p=472"},"modified":"2026-03-26T20:01:02","modified_gmt":"2026-03-26T20:01:02","slug":"lawka-krokodyl","status":"publish","type":"product","link":"https:\/\/balinesehome.pl\/?product=lawka-krokodyl","title":{"rendered":"\u0141awka Krokodyl"},"content":{"rendered":"","protected":false},"excerpt":{"rendered":"<p>Niezwyk\u0142a drewniana \u0142awka mistrzowsko wyrze\u017abiona w kszta\u0142t krokodyla. Zdecydowanie przyci\u0105gnie wzrok ka\u017cdego go\u015bcia w twoim salonie.<\/p>\n<p>dost\u0119pno\u015b\u0107 1szt.<\/p>\n","protected":false},"featured_media":485,"template":"","meta":{"_exactmetrics_skip_tracking":false,"_exactmetrics_sitenote_active":false,"_exactmetrics_sitenote_note":"","_exactmetrics_sitenote_category":0},"product_brand":[],"product_cat":[37],"product_tag":[],"class_list":{"0":"post-472","1":"product","2":"type-product","3":"status-publish","4":"has-post-thumbnail","6":"product_cat-rzezby","8":"first","9":"instock","10":"shipping-taxable","11":"purchasable","12":"product-type-simple"},"_links":{"self":[{"href":"https:\/\/balinesehome.pl\/index.php?rest_route=\/wp\/v2\/product\/472","targetHints":{"allow":["GET"]}}],"collection":[{"href":"https:\/\/balinesehome.pl\/index.php?rest_route=\/wp\/v2\/product"}],"about":[{"href":"https:\/\/balinesehome.pl\/index.php?rest_route=\/wp\/v2\/types\/product"}],"wp:featuredmedia":[{"embeddable":true,"href":"https:\/\/balinesehome.pl\/index.php?rest_route=\/wp\/v2\/media\/485"}],"wp:attachment":[{"href":"https:\/\/balinesehome.pl\/index.php?rest_route=%2Fwp%2Fv2%2Fmedia&parent=472"}],"wp:term":[{"taxonomy":"product_brand","embeddable":true,"href":"https:\/\/balinesehome.pl\/index.php?rest_route=%2Fwp%2Fv2%2Fproduct_brand&post=472"},{"taxonomy":"product_cat","embeddable":true,"href":"https:\/\/balinesehome.pl\/index.php?rest_route=%2Fwp%2Fv2%2Fproduct_cat&post=472"},{"taxonomy":"product_tag","embeddable":true,"href":"https:\/\/balinesehome.pl\/index.php?rest_route=%2Fwp%2Fv2%2Fproduct_tag&post=472"}],"curies":[{"name":"wp","href":"https:\/\/api.w.org\/{rel}","templated":true}]}}